CRAN Package Check Results for Package AncestryMapper

Last updated on 2024-04-14 05:59:36 CEST.

Flavor Version Tinstall Tcheck Ttotal Status Flags
r-devel-linux-x86_64-debian-clang 2.0 5.64 86.39 92.03 NOTE
r-devel-linux-x86_64-debian-gcc 2.0 4.06 68.09 72.15 NOTE
r-devel-linux-x86_64-fedora-clang 2.0 114.88 NOTE
r-devel-linux-x86_64-fedora-gcc 2.0 137.97 NOTE
r-devel-windows-x86_64 2.0 8.00 101.00 109.00 NOTE
r-patched-linux-x86_64 2.0 5.48 85.47 90.95 NOTE
r-release-linux-x86_64 2.0 5.61 84.88 90.49 NOTE
r-release-macos-arm64 2.0 57.00 NOTE
r-release-macos-x86_64 2.0 75.00 NOTE
r-release-windows-x86_64 2.0 10.00 109.00 119.00 NOTE
r-oldrel-macos-arm64 2.0 51.00 OK
r-oldrel-windows-x86_64 2.0 11.00 117.00 128.00 OK

Check Details

Version: 2.0
Check: Rd files
Result: NOTE checkRd: (-1) AncestryMapper2.0-package.Rd:33: Escaped LaTeX specials: \~ checkRd: (-1) AncestryMapper2.0-package.Rd:38: Escaped LaTeX specials: \~ Flavors: r-devel-linux-x86_64-debian-clang, r-devel-linux-x86_64-debian-gcc, r-devel-linux-x86_64-fedora-clang, r-devel-linux-x86_64-fedora-gcc, r-devel-windows-x86_64, r-patched-linux-x86_64, r-release-linux-x86_64, r-release-macos-arm64, r-release-macos-x86_64, r-release-windows-x86_64