CRAN Package Check Results for Package AeroSampleR

Last updated on 2023-12-02 04:52:05 CET.

Flavor Version Tinstall Tcheck Ttotal Status Flags
r-devel-linux-x86_64-debian-clang 0.2.0 3.21 39.70 42.91 OK
r-devel-linux-x86_64-debian-gcc 0.2.0 2.55 29.65 32.20 OK
r-devel-linux-x86_64-fedora-clang 0.2.0 53.16 NOTE
r-devel-linux-x86_64-fedora-gcc 0.2.0 61.76 NOTE
r-devel-windows-x86_64 0.2.0 4.00 54.00 58.00 OK
r-patched-linux-x86_64 0.2.0 2.04 38.03 40.07 OK
r-release-linux-x86_64 0.2.0 1.95 37.82 39.77 OK
r-release-macos-arm64 0.2.0 28.00 OK
r-release-macos-x86_64 0.2.0 44.00 OK
r-release-windows-x86_64 0.2.0 5.00 61.00 66.00 OK
r-oldrel-macos-arm64 0.2.0 25.00 OK
r-oldrel-macos-x86_64 0.2.0 31.00 OK
r-oldrel-windows-x86_64 0.2.0 5.00 60.00 65.00 OK

Check Details

Version: 0.2.0
Check: dependencies in R code
Result: NOTE Namespace in Imports field not imported from: ‘flextable’ All declared Imports should be used. Flavors: r-devel-linux-x86_64-fedora-clang, r-devel-linux-x86_64-fedora-gcc