CRAN Package Check Results for Package AeRobiology

Last updated on 2024-02-29 04:54:08 CET.

Flavor Version Tinstall Tcheck Ttotal Status Flags
r-devel-linux-x86_64-debian-clang 2.0.1 15.23 405.04 420.27 NOTE
r-devel-linux-x86_64-debian-gcc 2.0.1 12.10 299.95 312.05 NOTE
r-devel-linux-x86_64-fedora-clang 2.0.1 512.04 NOTE
r-devel-linux-x86_64-fedora-gcc 2.0.1 550.63 NOTE
r-devel-windows-x86_64 2.0.1 13.00 320.00 333.00 OK
r-patched-linux-x86_64 2.0.1 14.41 402.10 416.51 NOTE
r-release-linux-x86_64 2.0.1 13.33 390.91 404.24 NOTE
r-release-macos-arm64 2.0.1 149.00 OK
r-release-macos-x86_64 2.0.1 256.00 OK
r-release-windows-x86_64 2.0.1 18.00 422.00 440.00 OK
r-oldrel-macos-arm64 2.0.1 113.00 OK
r-oldrel-windows-x86_64 2.0.1 20.00 312.00 332.00 OK

Check Details

Version: 2.0.1
Check: for non-standard things in the check directory
Result: NOTE Found the following files/directories: ‘table_AeRobiology’ Flavors: r-devel-linux-x86_64-debian-clang, r-devel-linux-x86_64-debian-gcc, r-devel-linux-x86_64-fedora-clang, r-devel-linux-x86_64-fedora-gcc, r-patched-linux-x86_64, r-release-linux-x86_64