CRAN Package Check Results for Package AcuityView

Last updated on 2023-11-29 04:57:13 CET.

Flavor Version Tinstall Tcheck Ttotal Status Flags
r-devel-linux-x86_64-debian-clang 0.1 4.74 42.46 47.20 NOTE
r-devel-linux-x86_64-debian-gcc 0.1 4.25 32.85 37.10 NOTE
r-devel-linux-x86_64-fedora-clang 0.1 64.90 NOTE
r-devel-linux-x86_64-fedora-gcc 0.1 60.09 NOTE
r-devel-windows-x86_64 0.1 5.00 58.00 63.00 NOTE
r-patched-linux-x86_64 0.1 5.06 41.27 46.33 NOTE
r-release-linux-x86_64 0.1 5.54 40.63 46.17 NOTE
r-release-macos-arm64 0.1 26.00 NOTE
r-release-macos-x86_64 0.1 33.00 NOTE
r-release-windows-x86_64 0.1 7.00 63.00 70.00 NOTE
r-oldrel-macos-arm64 0.1 22.00 NOTE
r-oldrel-macos-x86_64 0.1 30.00 NOTE
r-oldrel-windows-x86_64 0.1 7.00 69.00 76.00 NOTE

Check Details

Version: 0.1
Check: LazyData
Result: NOTE 'LazyData' is specified without a 'data' directory Flavors: r-devel-linux-x86_64-debian-clang, r-devel-linux-x86_64-debian-gcc, r-devel-linux-x86_64-fedora-clang, r-devel-linux-x86_64-fedora-gcc, r-devel-windows-x86_64, r-patched-linux-x86_64, r-release-linux-x86_64, r-release-macos-arm64, r-release-macos-x86_64, r-release-windows-x86_64, r-oldrel-macos-arm64, r-oldrel-macos-x86_64, r-oldrel-windows-x86_64

Version: 0.1
Check: for non-standard things in the check directory
Result: NOTE Found the following files/directories: ‘Example.jpeg’ Flavors: r-devel-linux-x86_64-debian-clang, r-devel-linux-x86_64-debian-gcc, r-devel-linux-x86_64-fedora-clang, r-devel-linux-x86_64-fedora-gcc, r-patched-linux-x86_64, r-release-linux-x86_64