Last updated on 2023-12-02 04:52:05 CET.
Flavor | Version | Tinstall | Tcheck | Ttotal | Status | Flags |
---|---|---|---|---|---|---|
r-devel-linux-x86_64-debian-clang | 0.1.1 | 13.23 | 126.10 | 139.33 | NOTE | |
r-devel-linux-x86_64-debian-gcc | 0.1.1 | 10.94 | 92.20 | 103.14 | NOTE | |
r-devel-linux-x86_64-fedora-clang | 0.1.1 | 164.38 | NOTE | |||
r-devel-linux-x86_64-fedora-gcc | 0.1.1 | 173.10 | NOTE | |||
r-devel-windows-x86_64 | 0.1.1 | 13.00 | 103.00 | 116.00 | NOTE | |
r-patched-linux-x86_64 | 0.1.1 | 8.91 | 118.26 | 127.17 | NOTE | |
r-release-linux-x86_64 | 0.1.1 | 9.57 | 117.55 | 127.12 | NOTE | |
r-release-macos-arm64 | 0.1.1 | 61.00 | NOTE | |||
r-release-macos-x86_64 | 0.1.1 | 86.00 | NOTE | |||
r-release-windows-x86_64 | 0.1.1 | 16.00 | 128.00 | 144.00 | NOTE | |
r-oldrel-macos-arm64 | 0.1.1 | 49.00 | NOTE | |||
r-oldrel-macos-x86_64 | 0.1.1 | 83.00 | NOTE | |||
r-oldrel-windows-x86_64 | 0.1.1 | 16.00 | 128.00 | 144.00 | OK |
Version: 0.1.1
Check: package subdirectories
Result: NOTE
Problems with news in ‘NEWS.md’:
No news entries found.
Flavors: r-devel-linux-x86_64-debian-clang, r-devel-linux-x86_64-debian-gcc, r-devel-linux-x86_64-fedora-clang, r-devel-linux-x86_64-fedora-gcc, r-devel-windows-x86_64, r-patched-linux-x86_64, r-release-linux-x86_64, r-release-macos-arm64, r-release-macos-x86_64, r-release-windows-x86_64
Version: 0.1.1
Check: dependencies in R code
Result: NOTE
Namespace in Imports field not imported from: ‘tidyr’
All declared Imports should be used.
Flavors: r-devel-linux-x86_64-fedora-clang, r-devel-linux-x86_64-fedora-gcc, r-oldrel-macos-arm64, r-oldrel-macos-x86_64