CRAN Package Check Results for Package ASRgenomics

Last updated on 2024-02-29 04:54:08 CET.

Flavor Version Tinstall Tcheck Ttotal Status Flags
r-devel-linux-x86_64-debian-clang 1.1.4 55.15 214.32 269.47 OK
r-devel-linux-x86_64-debian-gcc 1.1.4 47.85 173.47 221.32 OK
r-devel-linux-x86_64-fedora-clang 1.1.4 368.35 OK
r-devel-linux-x86_64-fedora-gcc 1.1.4 385.74 OK
r-devel-windows-x86_64 1.1.4 58.00 171.00 229.00 OK
r-patched-linux-x86_64 1.1.4 57.97 204.42 262.39 OK
r-release-linux-x86_64 1.1.4 57.09 215.52 272.61 OK
r-release-macos-arm64 1.1.4 83.00 NOTE
r-release-macos-x86_64 1.1.4 120.00 OK
r-release-windows-x86_64 1.1.4 64.00 216.00 280.00 OK
r-oldrel-macos-arm64 1.1.4 88.00 NOTE
r-oldrel-windows-x86_64 1.1.4 72.00 228.00 300.00 OK

Check Details

Version: 1.1.4
Check: installed package size
Result: NOTE installed size is 5.8Mb sub-directories of 1Mb or more: data 5.4Mb Flavors: r-release-macos-arm64, r-oldrel-macos-arm64