Last updated on 2023-12-09 04:50:44 CET.
Flavor | Version | Tinstall | Tcheck | Ttotal | Status | Flags |
---|---|---|---|---|---|---|
r-devel-linux-x86_64-debian-clang | 0.1.2 | 78.85 | 74.64 | 153.49 | NOTE | |
r-devel-linux-x86_64-debian-gcc | 0.1.2 | 60.37 | 59.62 | 119.99 | NOTE | |
r-devel-linux-x86_64-fedora-clang | 0.1.2 | 197.28 | NOTE | |||
r-devel-linux-x86_64-fedora-gcc | 0.1.2 | 216.53 | NOTE | |||
r-devel-windows-x86_64 | 0.1.2 | 57.00 | 98.00 | 155.00 | NOTE | |
r-patched-linux-x86_64 | 0.1.2 | 72.09 | 77.17 | 149.26 | NOTE | |
r-release-linux-x86_64 | 0.1.2 | 71.03 | 74.71 | 145.74 | NOTE | |
r-release-macos-arm64 | 0.1.2 | 57.00 | NOTE | |||
r-release-macos-x86_64 | 0.1.2 | 83.00 | NOTE | |||
r-release-windows-x86_64 | 0.1.2 | 73.00 | 111.00 | 184.00 | NOTE | |
r-oldrel-macos-arm64 | 0.1.2 | 52.00 | NOTE | |||
r-oldrel-macos-x86_64 | 0.1.2 | 70.00 | NOTE | |||
r-oldrel-windows-x86_64 | 0.1.2 | 67.00 | 104.00 | 171.00 | OK |
Version: 0.1.2
Check: C++ specification
Result: NOTE
Specified C++11: please drop specification unless essential
Flavors: r-devel-linux-x86_64-debian-clang, r-devel-linux-x86_64-debian-gcc, r-devel-linux-x86_64-fedora-clang, r-devel-linux-x86_64-fedora-gcc, r-devel-windows-x86_64, r-patched-linux-x86_64, r-release-linux-x86_64, r-release-macos-arm64, r-release-macos-x86_64, r-release-windows-x86_64
Version: 0.1.2
Check: installed package size
Result: NOTE
installed size is 18.2Mb
sub-directories of 1Mb or more:
libs 17.9Mb
Flavors: r-release-macos-arm64, r-release-macos-x86_64, r-oldrel-macos-arm64, r-oldrel-macos-x86_64