CRAN Package Check Results for Package AQuadtree

Last updated on 2024-03-02 04:48:16 CET.

Flavor Version Tinstall Tcheck Ttotal Status Flags
r-devel-linux-x86_64-debian-clang 1.0.4 9.96 133.79 143.75 OK
r-devel-linux-x86_64-debian-gcc 1.0.4 8.49 100.50 108.99 OK
r-devel-linux-x86_64-fedora-clang 1.0.4 182.69 OK
r-devel-linux-x86_64-fedora-gcc 1.0.4 185.31 OK
r-devel-windows-x86_64 1.0.4 11.00 126.00 137.00 OK
r-patched-linux-x86_64 1.0.4 11.80 129.17 140.97 OK
r-release-linux-x86_64 1.0.4 9.61 128.17 137.78 OK
r-release-macos-arm64 1.0.4 60.00 OK
r-release-macos-x86_64 1.0.4 94.00 NOTE
r-release-windows-x86_64 1.0.4 15.00 149.00 164.00 OK
r-oldrel-macos-arm64 1.0.4 60.00 OK
r-oldrel-windows-x86_64 1.0.4 16.00 157.00 173.00 OK

Check Details

Version: 1.0.4
Check: installed package size
Result: NOTE installed size is 5.8Mb sub-directories of 1Mb or more: data 4.7Mb Flavor: r-release-macos-x86_64