CRAN Package Check Results for Package ANN2

Last updated on 2024-02-26 04:49:20 CET.

Flavor Version Tinstall Tcheck Ttotal Status Flags
r-devel-linux-x86_64-debian-clang 2.3.4 499.53 79.23 578.76 NOTE
r-devel-linux-x86_64-debian-gcc 2.3.4 357.87 71.51 429.38 NOTE
r-devel-linux-x86_64-fedora-clang 2.3.4 895.37 NOTE
r-devel-linux-x86_64-fedora-gcc 2.3.4 786.70 NOTE
r-devel-windows-x86_64 2.3.4 306.00 116.00 422.00 NOTE
r-patched-linux-x86_64 2.3.4 362.00 80.98 442.98 NOTE
r-release-linux-x86_64 2.3.4 440.71 76.21 516.92 NOTE
r-release-macos-arm64 2.3.4 264.00 NOTE
r-release-macos-x86_64 2.3.4 406.00 NOTE
r-release-windows-x86_64 2.3.4 386.00 138.00 524.00 NOTE
r-oldrel-macos-arm64 2.3.4 229.00 NOTE
r-oldrel-windows-x86_64 2.3.4 386.00 143.00 529.00 NOTE

Check Details

Version: 2.3.4
Check: C++ specification
Result: NOTE Specified C++11: please drop specification unless essential Flavors: r-devel-linux-x86_64-debian-clang, r-devel-linux-x86_64-debian-gcc, r-devel-linux-x86_64-fedora-clang, r-devel-linux-x86_64-fedora-gcc, r-devel-windows-x86_64, r-patched-linux-x86_64, r-release-linux-x86_64, r-release-macos-arm64, r-release-macos-x86_64, r-release-windows-x86_64

Version: 2.3.4
Check: LazyData
Result: NOTE 'LazyData' is specified without a 'data' directory Flavors: r-devel-linux-x86_64-debian-clang, r-devel-linux-x86_64-debian-gcc, r-devel-linux-x86_64-fedora-clang, r-devel-linux-x86_64-fedora-gcc, r-devel-windows-x86_64, r-patched-linux-x86_64, r-release-linux-x86_64, r-release-macos-arm64, r-release-macos-x86_64, r-release-windows-x86_64, r-oldrel-macos-arm64, r-oldrel-windows-x86_64

Version: 2.3.4
Check: installed package size
Result: NOTE installed size is 32.9Mb sub-directories of 1Mb or more: cereal 1.4Mb libs 31.4Mb Flavors: r-release-macos-arm64, r-release-macos-x86_64, r-oldrel-macos-arm64