CRAN Package Check Results for Package ALSM

Last updated on 2024-03-04 04:51:23 CET.

Flavor Version Tinstall Tcheck Ttotal Status Flags
r-devel-linux-x86_64-debian-clang 0.2.0 5.85 40.19 46.04 NOTE
r-devel-linux-x86_64-debian-gcc 0.2.0 4.22 30.84 35.06 NOTE
r-devel-linux-x86_64-fedora-clang 0.2.0 55.64 NOTE
r-devel-linux-x86_64-fedora-gcc 0.2.0 56.30 NOTE
r-devel-windows-x86_64 0.2.0 7.00 62.00 69.00 NOTE
r-patched-linux-x86_64 0.2.0 5.66 38.93 44.59 OK
r-release-linux-x86_64 0.2.0 3.63 44.05 47.68 OK
r-release-macos-arm64 0.2.0 23.00 OK
r-release-macos-x86_64 0.2.0 29.00 OK
r-release-windows-x86_64 0.2.0 8.00 68.00 76.00 OK
r-oldrel-macos-arm64 0.2.0 21.00 OK
r-oldrel-windows-x86_64 0.2.0 8.00 71.00 79.00 OK

Check Details

Version: 0.2.0
Check: Rd files
Result: NOTE checkRd: (-1) 6_ci.reg.Rd:23: Lost braces 23 | Interval Estimation of E{Y_h} | ^ Flavors: r-devel-linux-x86_64-debian-clang, r-devel-linux-x86_64-debian-gcc, r-devel-linux-x86_64-fedora-clang, r-devel-linux-x86_64-fedora-gcc, r-devel-windows-x86_64

Version: 0.2.0
Check: Rd contents
Result: NOTE Argument items with no description in Rd file 'MLS.Rd': ‘MSE1’ Flavors: r-devel-linux-x86_64-debian-clang, r-devel-linux-x86_64-debian-gcc, r-devel-linux-x86_64-fedora-clang, r-devel-linux-x86_64-fedora-gcc, r-devel-windows-x86_64