CRAN Package Check Results for Package AFheritability

Last updated on 2024-02-26 04:49:20 CET.

Flavor Version Tinstall Tcheck Ttotal Status Flags
r-devel-linux-x86_64-debian-clang 0.1.0 6.07 58.25 64.32 NOTE
r-devel-linux-x86_64-debian-gcc 0.1.0 5.69 44.78 50.47 NOTE
r-devel-linux-x86_64-fedora-clang 0.1.0 83.26 NOTE
r-devel-linux-x86_64-fedora-gcc 0.1.0 77.88 NOTE
r-devel-windows-x86_64 0.1.0 8.00 62.00 70.00 NOTE
r-patched-linux-x86_64 0.1.0 6.46 58.88 65.34 NOTE
r-release-linux-x86_64 0.1.0 6.48 56.72 63.20 NOTE
r-release-macos-arm64 0.1.0 31.00 NOTE
r-release-macos-x86_64 0.1.0 43.00 NOTE
r-release-windows-x86_64 0.1.0 10.00 72.00 82.00 NOTE
r-oldrel-macos-arm64 0.1.0 27.00 NOTE
r-oldrel-windows-x86_64 0.1.0 10.00 97.00 107.00 NOTE

Check Details

Version: 0.1.0
Check: LazyData
Result: NOTE 'LazyData' is specified without a 'data' directory Flavors: r-devel-linux-x86_64-debian-clang, r-devel-linux-x86_64-debian-gcc, r-devel-linux-x86_64-fedora-clang, r-devel-linux-x86_64-fedora-gcc, r-devel-windows-x86_64, r-patched-linux-x86_64, r-release-linux-x86_64, r-release-macos-arm64, r-release-macos-x86_64, r-release-windows-x86_64, r-oldrel-macos-arm64, r-oldrel-windows-x86_64