Last updated on 2023-12-01 04:53:48 CET.
Flavor | Version | Tinstall | Tcheck | Ttotal | Status | Flags |
---|---|---|---|---|---|---|
r-devel-linux-x86_64-debian-clang | 1.2-10 | 10.75 | 289.02 | 299.77 | OK | |
r-devel-linux-x86_64-debian-gcc | 1.2-10 | 8.28 | 241.50 | 249.78 | OK | |
r-devel-linux-x86_64-fedora-clang | 1.2-10 | 424.46 | OK | |||
r-devel-linux-x86_64-fedora-gcc | 1.2-10 | 421.55 | OK | |||
r-devel-windows-x86_64 | 1.2-10 | 13.00 | 428.00 | 441.00 | OK | |
r-patched-linux-x86_64 | 1.2-10 | 8.94 | 314.80 | 323.74 | OK | |
r-release-linux-x86_64 | 1.2-10 | 9.25 | 312.94 | 322.19 | OK | |
r-release-macos-arm64 | 1.2-10 | 157.00 | OK | |||
r-release-macos-x86_64 | 1.2-10 | 146.00 | NOTE | |||
r-release-windows-x86_64 | 1.2-10 | 16.00 | 410.00 | 426.00 | OK | |
r-oldrel-macos-arm64 | 1.2-10 | 129.00 | OK | |||
r-oldrel-macos-x86_64 | 1.2-10 | 191.00 | OK | |||
r-oldrel-windows-x86_64 | 1.2-10 | 15.00 | 428.00 | 443.00 | OK |
Version: 1.2-10
Check: package dependencies
Result: NOTE
Packages suggested but not available for checking:
'dynlm', 'sampleSelection', 'systemfit'
Flavor: r-release-macos-x86_64