Last updated on 2023-03-31 04:52:05 CEST.
Flavor | Version | Tinstall | Tcheck | Ttotal | Status | Flags |
---|---|---|---|---|---|---|
r-devel-linux-x86_64-debian-clang | 5.5.2 | 20.51 | 114.48 | 134.99 | NOTE | |
r-devel-linux-x86_64-debian-gcc | 5.5.2 | 14.96 | 89.45 | 104.41 | NOTE | |
r-devel-linux-x86_64-fedora-clang | 5.5.2 | 151.06 | NOTE | |||
r-devel-linux-x86_64-fedora-gcc | 5.5.2 | 157.28 | NOTE | |||
r-patched-linux-x86_64 | 5.5.2 | 20.36 | 107.05 | 127.41 | NOTE | |
r-release-linux-x86_64 | 5.5.2 | 20.72 | 101.81 | 122.53 | OK | |
r-release-macos-arm64 | 5.5.2 | 45.00 | OK | |||
r-release-macos-x86_64 | 5.5.2 | 84.00 | OK | |||
r-release-windows-x86_64 | 5.5.2 | 33.00 | 163.00 | 196.00 | OK | |
r-oldrel-macos-arm64 | 5.5.2 | 55.00 | OK | |||
r-oldrel-macos-x86_64 | 5.5.2 | 85.00 | OK | |||
r-oldrel-windows-ix86+x86_64 | 5.5.2 | 40.00 | 156.00 | 196.00 | OK |
Version: 5.5.2
Check: Rd files
Result: NOTE
checkRd: (-1) ZIClass.Rd:87: Escaped LaTeX specials: \_
checkRd: (-1) ZITrain.Rd:72: Escaped LaTeX specials: \_
checkRd: (-1) ZITrain.Rd:74: Escaped LaTeX specials: \_
checkRd: (-1) zid.Rd:45: Escaped LaTeX specials: \_
checkRd: (-1) zim.Rd:63: Escaped LaTeX specials: \_
Flavors: r-devel-linux-x86_64-debian-clang, r-devel-linux-x86_64-debian-gcc, r-devel-linux-x86_64-fedora-clang, r-devel-linux-x86_64-fedora-gcc, r-patched-linux-x86_64