Last updated on 2023-03-28 04:53:15 CEST.
Flavor | Version | Tinstall | Tcheck | Ttotal | Status | Flags |
---|---|---|---|---|---|---|
r-devel-linux-x86_64-debian-clang | 1.4.4 | 31.13 | 29.53 | 60.66 | OK | |
r-devel-linux-x86_64-debian-gcc | 1.4.4 | 18.63 | 23.71 | 42.34 | OK | |
r-devel-linux-x86_64-fedora-clang | 1.4.4 | 86.47 | OK | |||
r-devel-linux-x86_64-fedora-gcc | 1.4.4 | 74.12 | OK | |||
r-patched-linux-x86_64 | 1.4.4 | 23.04 | 28.86 | 51.90 | OK | |
r-release-linux-x86_64 | 1.4.4 | 21.90 | 30.07 | 51.97 | OK | |
r-release-macos-arm64 | 1.4.4 | 35.00 | OK | |||
r-release-macos-x86_64 | 1.4.4 | 40.00 | OK | |||
r-release-windows-x86_64 | 1.4.4 | 68.00 | 87.00 | 155.00 | OK | |
r-oldrel-macos-arm64 | 1.4.4 | 37.00 | OK | |||
r-oldrel-macos-x86_64 | 1.4.4 | 42.00 | OK | |||
r-oldrel-windows-ix86+x86_64 | 1.4.4 | 78.00 | 98.00 | 176.00 | NOTE |
Version: 1.4.4
Check: installed package size
Result: NOTE
installed size is 6.7Mb
sub-directories of 1Mb or more:
libs 6.5Mb
Flavor: r-oldrel-windows-ix86+x86_64