Last updated on 2023-03-30 04:55:36 CEST.
Flavor | Version | Tinstall | Tcheck | Ttotal | Status | Flags |
---|---|---|---|---|---|---|
r-devel-linux-x86_64-debian-clang | 1.1 | 2.05 | 24.34 | 26.39 | OK | |
r-devel-linux-x86_64-debian-gcc | 1.1 | 1.69 | 19.57 | 21.26 | OK | |
r-devel-linux-x86_64-fedora-clang | 1.1 | 33.83 | OK | |||
r-devel-linux-x86_64-fedora-gcc | 1.1 | 32.19 | OK | |||
r-patched-linux-x86_64 | 1.1 | 2.61 | 23.47 | 26.08 | OK | |
r-release-linux-x86_64 | 1.1 | 2.45 | 24.75 | 27.20 | OK | |
r-release-macos-arm64 | 1.1 | 15.00 | OK | |||
r-release-macos-x86_64 | 1.1 | 22.00 | OK | |||
r-release-windows-x86_64 | 1.1 | 17.00 | 52.00 | 69.00 | OK | |
r-oldrel-macos-arm64 | 1.1 | 15.00 | OK | |||
r-oldrel-macos-x86_64 | 1.1 | 24.00 | OK | |||
r-oldrel-windows-ix86+x86_64 | 1.1 | 6.00 | 53.00 | 59.00 | NOTE |
Version: 1.1
Check: R code for possible problems
Result: NOTE
Initiating curl with CURL_SSL_BACKEND: openssl
Flavor: r-oldrel-windows-ix86+x86_64