CRAN Package Check Results for Package xmlconvert

Last updated on 2023-03-27 04:53:29 CEST.

Flavor Version Tinstall Tcheck Ttotal Status Flags
r-devel-linux-x86_64-debian-clang 0.1.2 2.40 27.07 29.47 OK
r-devel-linux-x86_64-debian-gcc 0.1.2 1.96 21.40 23.36 OK
r-devel-linux-x86_64-fedora-clang 0.1.2 38.81 OK
r-devel-linux-x86_64-fedora-gcc 0.1.2 35.59 OK
r-patched-linux-x86_64 0.1.2 2.55 26.51 29.06 OK
r-release-linux-x86_64 0.1.2 1.61 27.54 29.15 OK
r-release-macos-arm64 0.1.2 14.00 OK
r-release-macos-x86_64 0.1.2 26.00 NOTE
r-release-windows-x86_64 0.1.2 18.00 54.00 72.00 OK
r-oldrel-macos-arm64 0.1.2 18.00 OK
r-oldrel-macos-x86_64 0.1.2 27.00 OK
r-oldrel-windows-ix86+x86_64 0.1.2 7.00 53.00 60.00 OK

Check Details

Version: 0.1.2
Check: package dependencies
Result: NOTE
    Package suggested but not available for checking: ‘xlsx’
Flavor: r-release-macos-x86_64