CRAN Package Check Results for Package xml2

Last updated on 2023-01-26 04:53:38 CET.

Flavor Version Tinstall Tcheck Ttotal Status Flags
r-devel-linux-x86_64-debian-clang 1.3.3 14.13 42.35 56.48 WARN
r-devel-linux-x86_64-debian-gcc 1.3.3 10.96 33.23 44.19 WARN
r-devel-linux-x86_64-fedora-clang 1.3.3 90.20 WARN
r-devel-linux-x86_64-fedora-gcc 1.3.3 85.28 WARN
r-patched-linux-x86_64 1.3.3 13.77 42.32 56.09 OK
r-release-linux-x86_64 1.3.3 14.26 42.71 56.97 OK
r-release-macos-arm64 1.3.3 29.00 OK
r-release-macos-x86_64 1.3.3 41.00 OK
r-release-windows-x86_64 1.3.3 651.00 97.00 748.00 OK
r-oldrel-macos-arm64 1.3.3 169.00 NOTE
r-oldrel-macos-x86_64 1.3.3 43.00 NOTE
r-oldrel-windows-ix86+x86_64 1.3.3 42.00 94.00 136.00 NOTE

Check Details

Version: 1.3.3
Check: whether package can be installed
Result: WARN
    Found the following significant warnings:
     init.c:24:25: warning: a function declaration without a prototype is deprecated in all versions of C [-Wstrict-prototypes]
     init.c:25:29: warning: a function declaration without a prototype is deprecated in all versions of C [-Wstrict-prototypes]
     init.c:71:31: warning: a function declaration without a prototype is deprecated in all versions of C [-Wstrict-prototypes]
     init.c:72:30: warning: a function declaration without a prototype is deprecated in all versions of C [-Wstrict-prototypes]
    See ‘/home/hornik/tmp/R.check/r-devel-clang/Work/PKGS/xml2.Rcheck/00install.out’ for details.
    * used C compiler: ‘Debian clang version 15.0.6’
    * used C++ compiler: ‘Debian clang version 15.0.6’
Flavor: r-devel-linux-x86_64-debian-clang

Version: 1.3.3
Check: whether package can be installed
Result: WARN
    Found the following significant warnings:
     init.c:24:1: warning: function declaration isn’t a prototype [-Wstrict-prototypes]
     init.c:25:1: warning: function declaration isn’t a prototype [-Wstrict-prototypes]
     init.c:71:1: warning: function declaration isn’t a prototype [-Wstrict-prototypes]
     init.c:72:1: warning: function declaration isn’t a prototype [-Wstrict-prototypes]
    See ‘/home/hornik/tmp/R.check/r-devel-gcc/Work/PKGS/xml2.Rcheck/00install.out’ for details.
    * used C compiler: ‘gcc-12 (Debian 12.2.0-14) 12.2.0’
    * used C++ compiler: ‘g++-12 (Debian 12.2.0-14) 12.2.0’
Flavor: r-devel-linux-x86_64-debian-gcc

Version: 1.3.3
Check: whether package can be installed
Result: WARN
    Found the following significant warnings:
     init.c:24:25: warning: a function declaration without a prototype is deprecated in all versions of C [-Wstrict-prototypes]
     init.c:25:29: warning: a function declaration without a prototype is deprecated in all versions of C [-Wstrict-prototypes]
     init.c:71:31: warning: a function declaration without a prototype is deprecated in all versions of C [-Wstrict-prototypes]
     init.c:72:30: warning: a function declaration without a prototype is deprecated in all versions of C [-Wstrict-prototypes]
    See ‘/data/gannet/ripley/R/packages/tests-clang/xml2.Rcheck/00install.out’ for details.
    * used C compiler: ‘clang version 15.0.6’
    * used C++ compiler: ‘clang version 15.0.6’
Flavor: r-devel-linux-x86_64-fedora-clang

Version: 1.3.3
Check: whether package can be installed
Result: WARN
    Found the following significant warnings:
     init.c:24:1: warning: function declaration isn’t a prototype [-Wstrict-prototypes]
     init.c:25:1: warning: function declaration isn’t a prototype [-Wstrict-prototypes]
     init.c:71:1: warning: function declaration isn’t a prototype [-Wstrict-prototypes]
     init.c:72:1: warning: function declaration isn’t a prototype [-Wstrict-prototypes]
    See ‘/data/gannet/ripley/R/packages/tests-devel/xml2.Rcheck/00install.out’ for details.
    * used C compiler: ‘gcc (GCC) 12.2.1 20221121 (Red Hat 12.2.1-4)’
    * used C++ compiler: ‘g++ (GCC) 12.2.1 20221121 (Red Hat 12.2.1-4)’
Flavor: r-devel-linux-x86_64-fedora-gcc

Version: 1.3.3
Check: installed package size
Result: NOTE
     installed size is 7.1Mb
     sub-directories of 1Mb or more:
     libs 6.7Mb
Flavors: r-oldrel-macos-arm64, r-oldrel-macos-x86_64, r-oldrel-windows-ix86+x86_64