Last updated on 2023-03-27 04:53:29 CEST.
Flavor | Version | Tinstall | Tcheck | Ttotal | Status | Flags |
---|---|---|---|---|---|---|
r-devel-linux-x86_64-debian-clang | 0.6.1 | 4.36 | 31.69 | 36.05 | OK | |
r-devel-linux-x86_64-debian-gcc | 0.6.1 | 3.00 | 25.13 | 28.13 | OK | |
r-devel-linux-x86_64-fedora-clang | 0.6.1 | 45.09 | NOTE | |||
r-devel-linux-x86_64-fedora-gcc | 0.6.1 | 42.36 | OK | |||
r-patched-linux-x86_64 | 0.6.1 | 3.12 | 30.43 | 33.55 | OK | |
r-release-linux-x86_64 | 0.6.1 | 3.83 | 31.63 | 35.46 | OK | |
r-release-macos-arm64 | 0.6.1 | 18.00 | NOTE | |||
r-release-macos-x86_64 | 0.6.1 | 27.00 | NOTE | |||
r-release-windows-x86_64 | 0.6.1 | 7.00 | 57.00 | 64.00 | NOTE | |
r-oldrel-macos-arm64 | 0.6.1 | 23.00 | NOTE | |||
r-oldrel-macos-x86_64 | 0.6.1 | 34.00 | NOTE | |||
r-oldrel-windows-ix86+x86_64 | 0.6.1 | 9.00 | 48.00 | 57.00 | NOTE |
Version: 0.6.1
Check: installed package size
Result: NOTE
installed size is 10.8Mb
sub-directories of 1Mb or more:
java 10.7Mb
Flavors: r-devel-linux-x86_64-fedora-clang, r-release-macos-arm64, r-release-macos-x86_64, r-release-windows-x86_64, r-oldrel-macos-arm64, r-oldrel-macos-x86_64, r-oldrel-windows-ix86+x86_64