CRAN Package Check Results for Package xesreadR

Last updated on 2023-03-31 04:52:05 CEST.

Flavor Version Tinstall Tcheck Ttotal Status Flags
r-devel-linux-x86_64-debian-clang 0.2.3 9.63 76.30 85.93 NOTE
r-devel-linux-x86_64-debian-gcc 0.2.3 8.20 57.42 65.62 NOTE
r-devel-linux-x86_64-fedora-clang 0.2.3 105.18 NOTE
r-devel-linux-x86_64-fedora-gcc 0.2.3 111.92 NOTE
r-patched-linux-x86_64 0.2.3 8.53 71.52 80.05 NOTE
r-release-linux-x86_64 0.2.3 10.39 73.04 83.43 NOTE
r-release-macos-arm64 0.2.3 31.00 NOTE
r-release-macos-x86_64 0.2.3 52.00 NOTE
r-release-windows-x86_64 0.2.3 23.00 111.00 134.00 NOTE
r-oldrel-macos-arm64 0.2.3 37.00 NOTE
r-oldrel-macos-x86_64 0.2.3 47.00 NOTE
r-oldrel-windows-ix86+x86_64 0.2.3 24.00 98.00 122.00 NOTE

Check Details

Version: 0.2.3
Check: LazyData
Result: NOTE
     'LazyData' is specified without a 'data' directory
Flavors: r-devel-linux-x86_64-debian-clang, r-devel-linux-x86_64-debian-gcc, r-devel-linux-x86_64-fedora-clang, r-devel-linux-x86_64-fedora-gcc, r-patched-linux-x86_64, r-release-linux-x86_64, r-release-macos-arm64, r-release-macos-x86_64, r-release-windows-x86_64, r-oldrel-macos-arm64, r-oldrel-macos-x86_64, r-oldrel-windows-ix86+x86_64