Last updated on 2023-03-25 04:54:56 CET.
Flavor | Version | Tinstall | Tcheck | Ttotal | Status | Flags |
---|---|---|---|---|---|---|
r-devel-linux-x86_64-debian-clang | 0.1-16 | 3.69 | 45.96 | 49.65 | OK | |
r-devel-linux-x86_64-debian-gcc | 0.1-16 | 3.44 | 35.30 | 38.74 | OK | |
r-devel-linux-x86_64-fedora-clang | 0.1-16 | 65.52 | OK | |||
r-devel-linux-x86_64-fedora-gcc | 0.1-16 | 75.42 | OK | |||
r-patched-linux-x86_64 | 0.1-16 | 4.03 | 43.80 | 47.83 | OK | |
r-release-linux-x86_64 | 0.1-16 | 3.11 | 44.76 | 47.87 | OK | |
r-release-macos-arm64 | 0.1-16 | 25.00 | NOTE | |||
r-release-macos-x86_64 | 0.1-16 | 37.00 | NOTE | |||
r-release-windows-x86_64 | 0.1-16 | 19.00 | 70.00 | 89.00 | NOTE | |
r-oldrel-macos-arm64 | 0.1-16 | 27.00 | NOTE | |||
r-oldrel-macos-x86_64 | 0.1-16 | 37.00 | NOTE | |||
r-oldrel-windows-ix86+x86_64 | 0.1-16 | 9.00 | 67.00 | 76.00 | OK |
Version: 0.1-16
Check: whether the namespace can be loaded with stated dependencies
Result: NOTE
Warning in initDict() :
cannot find WordNet 'dict' directory: please set the environment variable WNHOME to its parent
A namespace must be able to be loaded with just the base namespace
loaded: otherwise if the namespace gets loaded by a saved object, the
session will be unable to start.
Probably some imports need to be declared in the NAMESPACE file.
Flavors: r-release-macos-arm64, r-release-macos-x86_64, r-release-windows-x86_64, r-oldrel-macos-arm64, r-oldrel-macos-x86_64