Last updated on 2023-02-04 04:54:09 CET.
Flavor | Version | Tinstall | Tcheck | Ttotal | Status | Flags |
---|---|---|---|---|---|---|
r-devel-linux-x86_64-debian-clang | 2.6 | 20.82 | 35.48 | 56.30 | OK | |
r-devel-linux-x86_64-debian-gcc | 2.6 | 14.26 | 27.19 | 41.45 | OK | |
r-devel-linux-x86_64-fedora-clang | 2.6 | 76.05 | NOTE | |||
r-devel-linux-x86_64-fedora-gcc | 2.6 | 66.82 | NOTE | |||
r-devel-windows-x86_64 | 2.6 | 28.00 | 82.00 | 110.00 | OK | |
r-patched-linux-x86_64 | 2.6 | 15.49 | 35.33 | 50.82 | OK | |
r-release-linux-x86_64 | 2.6 | 14.59 | 35.00 | 49.59 | OK | |
r-release-macos-arm64 | 2.6 | 26.00 | NOTE | |||
r-release-macos-x86_64 | 2.6 | 36.00 | NOTE | |||
r-release-windows-x86_64 | 2.6 | 27.00 | 88.00 | 115.00 | OK | |
r-oldrel-macos-arm64 | 2.6 | 32.00 | NOTE | |||
r-oldrel-macos-x86_64 | 2.6 | 48.00 | NOTE | |||
r-oldrel-windows-ix86+x86_64 | 2.6 | 53.00 | 88.00 | 141.00 | OK |
Version: 2.6
Check: data for non-ASCII characters
Result: NOTE
Note: found 2 marked UTF-8 strings
Flavors: r-devel-linux-x86_64-fedora-clang, r-devel-linux-x86_64-fedora-gcc, r-release-macos-arm64, r-release-macos-x86_64, r-oldrel-macos-arm64, r-oldrel-macos-x86_64