Last updated on 2023-03-23 04:53:38 CET.
Flavor | Version | Tinstall | Tcheck | Ttotal | Status | Flags |
---|---|---|---|---|---|---|
r-devel-linux-x86_64-debian-clang | 0.3.4 | 122.50 | 36.67 | 159.17 | NOTE | |
r-devel-linux-x86_64-debian-gcc | 0.3.4 | 95.84 | 28.40 | 124.24 | NOTE | |
r-devel-linux-x86_64-fedora-clang | 0.3.4 | 264.89 | NOTE | |||
r-devel-linux-x86_64-fedora-gcc | 0.3.4 | 214.53 | NOTE | |||
r-patched-linux-x86_64 | 0.3.4 | 105.53 | 36.60 | 142.13 | OK | |
r-release-linux-x86_64 | 0.3.4 | 104.35 | 35.24 | 139.59 | OK | |
r-release-macos-arm64 | 0.3.4 | 54.00 | OK | |||
r-release-macos-x86_64 | 0.3.4 | 75.00 | OK | |||
r-release-windows-x86_64 | 0.3.4 | 198.00 | 111.00 | 309.00 | OK | |
r-oldrel-macos-arm64 | 0.3.4 | 62.00 | NOTE | |||
r-oldrel-macos-x86_64 | 0.3.4 | 70.00 | OK | |||
r-oldrel-windows-ix86+x86_64 | 0.3.4 | 299.00 | 96.00 | 395.00 | OK |
Version: 0.3.4
Check: C++ specification
Result: NOTE
Specified C++11: please drop specification unless essential
Flavors: r-devel-linux-x86_64-debian-clang, r-devel-linux-x86_64-debian-gcc, r-devel-linux-x86_64-fedora-clang, r-devel-linux-x86_64-fedora-gcc
Version: 0.3.4
Check: installed package size
Result: NOTE
installed size is 5.9Mb
sub-directories of 1Mb or more:
libs 5.6Mb
Flavor: r-oldrel-macos-arm64