Last updated on 2023-03-30 04:55:36 CEST.
Flavor | Version | Tinstall | Tcheck | Ttotal | Status | Flags |
---|---|---|---|---|---|---|
r-devel-linux-x86_64-debian-clang | 0.4.0 | 3.43 | 33.34 | 36.77 | OK | |
r-devel-linux-x86_64-debian-gcc | 0.4.0 | 2.11 | 25.51 | 27.62 | OK | |
r-devel-linux-x86_64-fedora-clang | 0.4.0 | 44.66 | NOTE | |||
r-devel-linux-x86_64-fedora-gcc | 0.4.0 | 54.43 | OK | |||
r-patched-linux-x86_64 | 0.4.0 | 3.66 | 32.03 | 35.69 | OK | |
r-release-linux-x86_64 | 0.4.0 | 2.24 | 32.30 | 34.54 | OK | |
r-release-macos-arm64 | 0.4.0 | 22.00 | OK | |||
r-release-macos-x86_64 | 0.4.0 | 34.00 | OK | |||
r-release-windows-x86_64 | 0.4.0 | 36.00 | 64.00 | 100.00 | OK | |
r-oldrel-macos-arm64 | 0.4.0 | 25.00 | OK | |||
r-oldrel-macos-x86_64 | 0.4.0 | 34.00 | OK | |||
r-oldrel-windows-ix86+x86_64 | 0.4.0 | 9.00 | 62.00 | 71.00 | NOTE |
Version: 0.4.0
Check: Rd cross-references
Result: NOTE
Undeclared package ‘httr’ in Rd xrefs
Flavor: r-devel-linux-x86_64-fedora-clang
Version: 0.4.0
Check: dependencies in R code
Result: NOTE
Initiating curl with CURL_SSL_BACKEND: openssl
Flavor: r-oldrel-windows-ix86+x86_64