Last updated on 2023-02-05 04:51:25 CET.
Flavor | Version | Tinstall | Tcheck | Ttotal | Status | Flags |
---|---|---|---|---|---|---|
r-devel-linux-x86_64-debian-clang | 0.2.3 | 11.32 | 261.97 | 273.29 | NOTE | |
r-devel-linux-x86_64-debian-gcc | 0.2.3 | 8.15 | 188.17 | 196.32 | NOTE | |
r-devel-linux-x86_64-fedora-clang | 0.2.3 | 284.98 | NOTE | |||
r-devel-linux-x86_64-fedora-gcc | 0.2.3 | 364.88 | NOTE | |||
r-devel-windows-x86_64 | 0.2.3 | 23.00 | 284.00 | 307.00 | NOTE | |
r-patched-linux-x86_64 | 0.2.3 | 10.05 | 238.53 | 248.58 | OK | |
r-release-linux-x86_64 | 0.2.3 | 11.59 | 249.28 | 260.87 | OK | |
r-release-macos-arm64 | 0.2.3 | 125.00 | NOTE | |||
r-release-macos-x86_64 | 0.2.3 | 213.00 | NOTE | |||
r-release-windows-x86_64 | 0.2.3 | 22.00 | 324.00 | 346.00 | OK | |
r-oldrel-macos-arm64 | 0.2.3 | 318.00 | NOTE | |||
r-oldrel-macos-x86_64 | 0.2.3 | 161.00 | NOTE | |||
r-oldrel-windows-ix86+x86_64 | 0.2.3 | 28.00 | 293.00 | 321.00 | OK |
Version: 0.2.3
Check: package subdirectories
Result: NOTE
Problems with news in ‘NEWS.md’:
Cannot extract version info from the following section titles:
NEWS UPDATES:
Flavors: r-devel-linux-x86_64-debian-clang, r-devel-linux-x86_64-debian-gcc, r-devel-linux-x86_64-fedora-clang, r-devel-linux-x86_64-fedora-gcc, r-devel-windows-x86_64
Version: 0.2.3
Check: dependencies in R code
Result: NOTE
Namespaces in Imports field not imported from:
‘RColorBrewer’ ‘colorspace’ ‘tidyr’
All declared Imports should be used.
Flavors: r-devel-linux-x86_64-fedora-clang, r-devel-linux-x86_64-fedora-gcc, r-release-macos-arm64, r-release-macos-x86_64, r-oldrel-macos-arm64, r-oldrel-macos-x86_64
Version: 0.2.3
Check: package dependencies
Result: NOTE
Package suggested but not available for checking: ‘zenplots’
Flavor: r-release-macos-arm64