Last updated on 2023-02-04 04:54:09 CET.
Flavor | Version | Tinstall | Tcheck | Ttotal | Status | Flags |
---|---|---|---|---|---|---|
r-devel-linux-x86_64-debian-clang | 1.0.1 | 27.92 | 168.99 | 196.91 | OK | |
r-devel-linux-x86_64-debian-gcc | 1.0.1 | 25.60 | 122.01 | 147.61 | OK | |
r-devel-linux-x86_64-fedora-clang | 1.0.1 | 199.97 | NOTE | |||
r-devel-linux-x86_64-fedora-gcc | 1.0.1 | 223.33 | OK | |||
r-devel-windows-x86_64 | 1.0.1 | 155.00 | 180.00 | 335.00 | NOTE | |
r-patched-linux-x86_64 | 1.0.1 | 40.10 | 153.63 | 193.73 | OK | |
r-release-linux-x86_64 | 1.0.1 | 26.60 | 160.07 | 186.67 | OK | |
r-release-macos-arm64 | 1.0.1 | 68.00 | NOTE | |||
r-release-macos-x86_64 | 1.0.1 | 122.00 | NOTE | |||
r-release-windows-x86_64 | 1.0.1 | 138.00 | 204.00 | 342.00 | NOTE | |
r-oldrel-macos-arm64 | 1.0.1 | 73.00 | NOTE | |||
r-oldrel-macos-x86_64 | 1.0.1 | 88.00 | NOTE | |||
r-oldrel-windows-ix86+x86_64 | 1.0.1 | 59.00 | 189.00 | 248.00 | NOTE |
Version: 1.0.1
Check: installed package size
Result: NOTE
installed size is 6.1Mb
sub-directories of 1Mb or more:
data 5.7Mb
Flavors: r-devel-linux-x86_64-fedora-clang, r-devel-windows-x86_64, r-release-macos-arm64, r-release-macos-x86_64, r-release-windows-x86_64, r-oldrel-macos-arm64, r-oldrel-macos-x86_64, r-oldrel-windows-ix86+x86_64