Last updated on 2023-03-26 04:50:51 CEST.
Flavor | Version | Tinstall | Tcheck | Ttotal | Status | Flags |
---|---|---|---|---|---|---|
r-devel-linux-x86_64-debian-clang | 2.1.2 | 10.17 | 76.28 | 86.45 | OK | |
r-devel-linux-x86_64-debian-gcc | 2.1.2 | 9.28 | 58.48 | 67.76 | OK | |
r-devel-linux-x86_64-fedora-clang | 2.1.2 | 107.83 | NOTE | |||
r-devel-linux-x86_64-fedora-gcc | 2.1.2 | 114.17 | OK | |||
r-patched-linux-x86_64 | 2.1.2 | 15.69 | 72.33 | 88.02 | OK | |
r-release-linux-x86_64 | 2.1.2 | 8.93 | 70.65 | 79.58 | OK | |
r-release-macos-arm64 | 2.1.2 | 32.00 | NOTE | |||
r-release-macos-x86_64 | 2.1.2 | 46.00 | NOTE | |||
r-release-windows-x86_64 | 2.1.2 | 258.00 | 143.00 | 401.00 | NOTE | |
r-oldrel-macos-arm64 | 2.1.2 | 35.00 | NOTE | |||
r-oldrel-macos-x86_64 | 2.1.2 | 52.00 | NOTE | |||
r-oldrel-windows-ix86+x86_64 | 2.1.2 | 21.00 | 107.00 | 128.00 | NOTE |
Version: 2.1.2
Check: installed package size
Result: NOTE
installed size is 10.9Mb
sub-directories of 1Mb or more:
doc 2.0Mb
htmlwidgets 7.0Mb
Flavors: r-devel-linux-x86_64-fedora-clang, r-release-macos-arm64, r-release-macos-x86_64, r-release-windows-x86_64, r-oldrel-macos-arm64, r-oldrel-macos-x86_64, r-oldrel-windows-ix86+x86_64