CRAN Package Check Results for Package vcmeta

Last updated on 2023-03-25 04:54:55 CET.

Flavor Version Tinstall Tcheck Ttotal Status Flags
r-devel-linux-x86_64-debian-clang 1.1.0 12.32 98.57 110.89 OK
r-devel-linux-x86_64-debian-gcc 1.1.0 10.27 71.60 81.87 OK
r-devel-linux-x86_64-fedora-clang 1.1.0 135.91 NOTE
r-devel-linux-x86_64-fedora-gcc 1.1.0 127.82 NOTE
r-patched-linux-x86_64 1.1.0 12.56 86.95 99.51 OK
r-release-linux-x86_64 1.1.0 10.42 87.79 98.21 OK
r-release-macos-arm64 1.1.0 37.00 NOTE
r-release-macos-x86_64 1.1.0 53.00 NOTE
r-release-windows-x86_64 1.1.0 60.00 133.00 193.00 OK
r-oldrel-macos-arm64 1.1.0 31.00 NOTE
r-oldrel-macos-x86_64 1.1.0 52.00 NOTE
r-oldrel-windows-ix86+x86_64 1.1.0 23.00 123.00 146.00 OK

Check Details

Version: 1.1.0
Check: dependencies in R code
Result: NOTE
    Namespace in Imports field not imported from: ‘mathjaxr’
     All declared Imports should be used.
Flavors: r-devel-linux-x86_64-fedora-clang, r-devel-linux-x86_64-fedora-gcc, r-release-macos-arm64, r-release-macos-x86_64, r-oldrel-macos-arm64, r-oldrel-macos-x86_64