CRAN Package Check Results for Package vcfR

Last updated on 2023-03-21 04:58:07 CET.

Flavor Version Tinstall Tcheck Ttotal Status Flags
r-devel-linux-x86_64-debian-clang 1.14.0 OK
r-devel-linux-x86_64-debian-gcc 1.14.0 127.68 182.30 309.98 OK
r-devel-linux-x86_64-fedora-clang 1.14.0 555.45 OK
r-devel-linux-x86_64-fedora-gcc 1.14.0 513.65 OK
r-patched-linux-x86_64 1.14.0 131.72 218.06 349.78 OK
r-release-linux-x86_64 1.14.0 132.84 218.06 350.90 OK
r-release-macos-arm64 1.14.0 116.00 NOTE
r-release-macos-x86_64 1.14.0 174.00 NOTE
r-release-windows-x86_64 1.14.0 279.00 312.00 591.00 OK
r-oldrel-macos-arm64 1.14.0 110.00 NOTE
r-oldrel-macos-x86_64 1.14.0 177.00 NOTE
r-oldrel-windows-ix86+x86_64 1.14.0 358.00 415.00 773.00 OK

Check Details

Version: 1.14.0
Check: installed package size
Result: NOTE
     installed size is 6.6Mb
     sub-directories of 1Mb or more:
     libs 4.7Mb
Flavors: r-release-macos-arm64, r-release-macos-x86_64, r-oldrel-macos-arm64, r-oldrel-macos-x86_64