Last updated on 2023-03-27 04:53:28 CEST.
Flavor | Version | Tinstall | Tcheck | Ttotal | Status | Flags |
---|---|---|---|---|---|---|
r-devel-linux-x86_64-debian-clang | 0.8-3 | 15.67 | 221.75 | 237.42 | OK | |
r-devel-linux-x86_64-debian-gcc | 0.8-3 | 12.55 | 164.99 | 177.54 | OK | |
r-devel-linux-x86_64-fedora-clang | 0.8-3 | 302.26 | NOTE | |||
r-devel-linux-x86_64-fedora-gcc | 0.8-3 | 289.95 | OK | |||
r-patched-linux-x86_64 | 0.8-3 | 18.85 | 206.28 | 225.13 | OK | |
r-release-linux-x86_64 | 0.8-3 | 15.73 | 208.03 | 223.76 | OK | |
r-release-macos-arm64 | 0.8-3 | 74.00 | OK | |||
r-release-macos-x86_64 | 0.8-3 | 102.00 | OK | |||
r-release-windows-x86_64 | 0.8-3 | 90.00 | 292.00 | 382.00 | OK | |
r-oldrel-macos-arm64 | 0.8-3 | 68.00 | OK | |||
r-oldrel-macos-x86_64 | 0.8-3 | 114.00 | OK | |||
r-oldrel-windows-ix86+x86_64 | 0.8-3 | 31.00 | 268.00 | 299.00 | OK |
Version: 0.8-3
Check: Rd cross-references
Result: NOTE
Undeclared package ‘factoextra’ in Rd xrefs
Flavor: r-devel-linux-x86_64-fedora-clang