CRAN Package Check Results for Package variosig

Last updated on 2023-02-03 04:50:45 CET.

Flavor Version Tinstall Tcheck Ttotal Status Flags
r-devel-linux-x86_64-debian-clang 0.3-1 7.17 56.09 63.26 NOTE
r-devel-linux-x86_64-debian-gcc 0.3-1 4.93 42.03 46.96 NOTE
r-devel-linux-x86_64-fedora-clang 0.3-1 77.09 NOTE
r-devel-linux-x86_64-fedora-gcc 0.3-1 76.32 NOTE
r-patched-linux-x86_64 0.3-1 6.48 53.67 60.15 NOTE
r-release-linux-x86_64 0.3-1 6.00 52.71 58.71 NOTE
r-release-macos-arm64 0.3-1 23.00 NOTE
r-release-macos-x86_64 0.3-1 42.00 NOTE
r-release-windows-x86_64 0.3-1 9.00 97.00 106.00 NOTE
r-oldrel-macos-arm64 0.3-1 31.00 NOTE
r-oldrel-macos-x86_64 0.3-1 48.00 NOTE
r-oldrel-windows-ix86+x86_64 0.3-1 16.00 76.00 92.00 NOTE

Check Details

Version: 0.3-1
Check: LazyData
Result: NOTE
     'LazyData' is specified without a 'data' directory
Flavors: r-devel-linux-x86_64-debian-clang, r-devel-linux-x86_64-debian-gcc, r-devel-linux-x86_64-fedora-clang, r-devel-linux-x86_64-fedora-gcc, r-patched-linux-x86_64, r-release-linux-x86_64, r-release-macos-arm64, r-release-macos-x86_64, r-release-windows-x86_64, r-oldrel-macos-arm64, r-oldrel-macos-x86_64, r-oldrel-windows-ix86+x86_64