Last updated on 2023-03-28 04:53:15 CEST.
Flavor | Version | Tinstall | Tcheck | Ttotal | Status | Flags |
---|---|---|---|---|---|---|
r-devel-linux-x86_64-debian-clang | 0.1.14 | 130.13 | 202.75 | 332.88 | NOTE | |
r-devel-linux-x86_64-debian-gcc | 0.1.14 | 109.96 | 165.93 | 275.89 | NOTE | |
r-devel-linux-x86_64-fedora-clang | 0.1.14 | 410.27 | NOTE | |||
r-devel-linux-x86_64-fedora-gcc | 0.1.14 | 432.84 | NOTE | |||
r-patched-linux-x86_64 | 0.1.14 | 116.38 | 190.38 | 306.76 | NOTE | |
r-release-linux-x86_64 | 0.1.14 | 112.63 | 188.05 | 300.68 | OK | |
r-release-macos-arm64 | 0.1.14 | 135.00 | NOTE | |||
r-release-macos-x86_64 | 0.1.14 | 147.00 | NOTE | |||
r-release-windows-x86_64 | 0.1.14 | 124.00 | 280.00 | 404.00 | OK | |
r-oldrel-macos-arm64 | 0.1.14 | 127.00 | NOTE | |||
r-oldrel-macos-x86_64 | 0.1.14 | 146.00 | NOTE | |||
r-oldrel-windows-ix86+x86_64 | 0.1.14 | 269.00 | 380.00 | 649.00 | OK |
Version: 0.1.14
Check: C++ specification
Result: NOTE
Specified C++11: please drop specification unless essential
Flavors: r-devel-linux-x86_64-debian-clang, r-devel-linux-x86_64-debian-gcc, r-devel-linux-x86_64-fedora-clang, r-devel-linux-x86_64-fedora-gcc, r-patched-linux-x86_64
Version: 0.1.14
Check: installed package size
Result: NOTE
installed size is 23.0Mb
sub-directories of 1Mb or more:
libs 22.5Mb
Flavors: r-release-macos-arm64, r-release-macos-x86_64, r-oldrel-macos-arm64, r-oldrel-macos-x86_64