Last updated on 2023-03-27 04:53:28 CEST.
Flavor | Version | Tinstall | Tcheck | Ttotal | Status | Flags |
---|---|---|---|---|---|---|
r-devel-linux-x86_64-debian-clang | 0.3.8 | 15.65 | 233.48 | 249.13 | NOTE | |
r-devel-linux-x86_64-debian-gcc | 0.3.8 | 12.03 | 171.82 | 183.85 | NOTE | |
r-devel-linux-x86_64-fedora-clang | 0.3.8 | 312.20 | NOTE | |||
r-devel-linux-x86_64-fedora-gcc | 0.3.8 | 320.91 | NOTE | |||
r-patched-linux-x86_64 | 0.3.8 | 13.77 | 215.50 | 229.27 | NOTE | |
r-release-linux-x86_64 | 0.3.8 | 10.67 | 214.08 | 224.75 | NOTE | |
r-release-macos-arm64 | 0.3.8 | 68.00 | NOTE | |||
r-release-macos-x86_64 | 0.3.8 | 123.00 | NOTE | |||
r-release-windows-x86_64 | 0.3.8 | 29.00 | 269.00 | 298.00 | NOTE | |
r-oldrel-macos-arm64 | 0.3.8 | 67.00 | NOTE | |||
r-oldrel-macos-x86_64 | 0.3.8 | 95.00 | NOTE | |||
r-oldrel-windows-ix86+x86_64 | 0.3.8 | 32.00 | 257.00 | 289.00 | NOTE |
Version: 0.3.8
Check: package dependencies
Result: NOTE
Package which this enhances but not available for checking: ‘sl3’
Flavors: r-devel-linux-x86_64-debian-clang, r-devel-linux-x86_64-debian-gcc, r-devel-linux-x86_64-fedora-clang, r-devel-linux-x86_64-fedora-gcc, r-patched-linux-x86_64, r-release-linux-x86_64, r-release-macos-arm64, r-release-macos-x86_64, r-release-windows-x86_64, r-oldrel-macos-arm64, r-oldrel-macos-x86_64, r-oldrel-windows-ix86+x86_64