Last updated on 2023-03-28 04:53:14 CEST.
Flavor | Version | Tinstall | Tcheck | Ttotal | Status | Flags |
---|---|---|---|---|---|---|
r-devel-linux-x86_64-debian-clang | 0.2.3 | 10.03 | 58.16 | 68.19 | OK | |
r-devel-linux-x86_64-debian-gcc | 0.2.3 | 8.01 | 44.81 | 52.82 | OK | |
r-devel-linux-x86_64-fedora-clang | 0.2.3 | 88.19 | NOTE | |||
r-devel-linux-x86_64-fedora-gcc | 0.2.3 | 94.11 | NOTE | |||
r-patched-linux-x86_64 | 0.2.3 | 8.95 | 55.63 | 64.58 | OK | |
r-release-linux-x86_64 | 0.2.3 | 11.00 | 56.47 | 67.47 | OK | |
r-release-macos-arm64 | 0.2.3 | 46.00 | NOTE | |||
r-release-macos-x86_64 | 0.2.3 | 46.00 | NOTE | |||
r-release-windows-x86_64 | 0.2.3 | 27.00 | 98.00 | 125.00 | OK | |
r-oldrel-macos-arm64 | 0.2.3 | 38.00 | NOTE | |||
r-oldrel-macos-x86_64 | 0.2.3 | 48.00 | NOTE | |||
r-oldrel-windows-ix86+x86_64 | 0.2.3 | 22.00 | 83.00 | 105.00 | OK |
Version: 0.2.3
Check: data for non-ASCII characters
Result: NOTE
Note: found 9 marked UTF-8 strings
Flavors: r-devel-linux-x86_64-fedora-clang, r-devel-linux-x86_64-fedora-gcc, r-release-macos-arm64, r-release-macos-x86_64, r-oldrel-macos-arm64, r-oldrel-macos-x86_64