CRAN Package Check Results for Package twitteR

Last updated on 2023-03-21 04:58:07 CET.

Flavor Version Tinstall Tcheck Ttotal Status Flags
r-devel-linux-x86_64-debian-clang 1.1.9 NOTE
r-devel-linux-x86_64-debian-gcc 1.1.9 6.49 35.59 42.08 NOTE
r-devel-linux-x86_64-fedora-clang 1.1.9 68.10 NOTE
r-devel-linux-x86_64-fedora-gcc 1.1.9 64.23 NOTE
r-patched-linux-x86_64 1.1.9 11.30 43.99 55.29 NOTE
r-release-linux-x86_64 1.1.9 9.07 44.08 53.15 NOTE
r-release-macos-arm64 1.1.9 19.00 NOTE
r-release-macos-x86_64 1.1.9 31.00 NOTE
r-release-windows-x86_64 1.1.9 60.00 79.00 139.00 NOTE
r-oldrel-macos-arm64 1.1.9 24.00 NOTE
r-oldrel-macos-x86_64 1.1.9 38.00 NOTE
r-oldrel-windows-ix86+x86_64 1.1.9 20.00 74.00 94.00 NOTE

Check Details

Version: 1.1.9
Check: LazyData
Result: NOTE
     'LazyData' is specified without a 'data' directory
Flavors: r-devel-linux-x86_64-debian-clang, r-devel-linux-x86_64-debian-gcc, r-devel-linux-x86_64-fedora-clang, r-devel-linux-x86_64-fedora-gcc, r-patched-linux-x86_64, r-release-linux-x86_64, r-release-macos-arm64, r-release-macos-x86_64, r-release-windows-x86_64, r-oldrel-macos-arm64, r-oldrel-macos-x86_64, r-oldrel-windows-ix86+x86_64