CRAN Package Check Results for Package tubern

Last updated on 2023-03-28 04:53:14 CEST.

Flavor Version Tinstall Tcheck Ttotal Status Flags
r-devel-linux-x86_64-debian-clang 0.1.0 1.97 30.40 32.37 NOTE
r-devel-linux-x86_64-debian-gcc 0.1.0 1.86 24.00 25.86 NOTE
r-devel-linux-x86_64-fedora-clang 0.1.0 41.08 NOTE
r-devel-linux-x86_64-fedora-gcc 0.1.0 50.31 NOTE
r-patched-linux-x86_64 0.1.0 4.43 29.06 33.49 NOTE
r-release-linux-x86_64 0.1.0 2.07 29.83 31.90 NOTE
r-release-macos-arm64 0.1.0 20.00 NOTE
r-release-macos-x86_64 0.1.0 28.00 NOTE
r-release-windows-x86_64 0.1.0 17.00 71.00 88.00 NOTE
r-oldrel-macos-arm64 0.1.0 24.00 NOTE
r-oldrel-macos-x86_64 0.1.0 34.00 NOTE
r-oldrel-windows-ix86+x86_64 0.1.0 5.00 65.00 70.00 NOTE

Check Details

Version: 0.1.0
Check: LazyData
Result: NOTE
     'LazyData' is specified without a 'data' directory
Flavors: r-devel-linux-x86_64-debian-clang, r-devel-linux-x86_64-debian-gcc, r-devel-linux-x86_64-fedora-clang, r-devel-linux-x86_64-fedora-gcc, r-patched-linux-x86_64, r-release-linux-x86_64, r-release-macos-arm64, r-release-macos-x86_64, r-release-windows-x86_64, r-oldrel-macos-arm64, r-oldrel-macos-x86_64, r-oldrel-windows-ix86+x86_64