CRAN Package Check Results for Package tuber

Last updated on 2023-03-30 04:55:35 CEST.

Flavor Version Tinstall Tcheck Ttotal Status Flags
r-devel-linux-x86_64-debian-clang 0.9.9 6.22 62.63 68.85 NOTE
r-devel-linux-x86_64-debian-gcc 0.9.9 6.03 47.15 53.18 NOTE
r-devel-linux-x86_64-fedora-clang 0.9.9 85.24 NOTE
r-devel-linux-x86_64-fedora-gcc 0.9.9 97.04 NOTE
r-patched-linux-x86_64 0.9.9 12.11 57.76 69.87 NOTE
r-release-linux-x86_64 0.9.9 6.75 59.76 66.51 NOTE
r-release-macos-arm64 0.9.9 28.00 NOTE
r-release-macos-x86_64 0.9.9 55.00 NOTE
r-release-windows-x86_64 0.9.9 37.00 106.00 143.00 NOTE
r-oldrel-macos-arm64 0.9.9 32.00 NOTE
r-oldrel-macos-x86_64 0.9.9 42.00 NOTE
r-oldrel-windows-ix86+x86_64 0.9.9 15.00 97.00 112.00 NOTE

Check Details

Version: 0.9.9
Check: LazyData
Result: NOTE
     'LazyData' is specified without a 'data' directory
Flavors: r-devel-linux-x86_64-debian-clang, r-devel-linux-x86_64-debian-gcc, r-devel-linux-x86_64-fedora-clang, r-devel-linux-x86_64-fedora-gcc, r-patched-linux-x86_64, r-release-linux-x86_64, r-release-macos-arm64, r-release-macos-x86_64, r-release-windows-x86_64, r-oldrel-macos-arm64, r-oldrel-macos-x86_64, r-oldrel-windows-ix86+x86_64