Last updated on 2023-03-23 04:53:37 CET.
Flavor | Version | Tinstall | Tcheck | Ttotal | Status | Flags |
---|---|---|---|---|---|---|
r-devel-linux-x86_64-debian-clang | 0.1.0 | 8.49 | 72.50 | 80.99 | OK | |
r-devel-linux-x86_64-debian-gcc | 0.1.0 | 5.69 | 53.49 | 59.18 | OK | |
r-devel-linux-x86_64-fedora-clang | 0.1.0 | 98.64 | OK | |||
r-devel-linux-x86_64-fedora-gcc | 0.1.0 | 90.17 | OK | |||
r-patched-linux-x86_64 | 0.1.0 | 7.10 | 67.58 | 74.68 | OK | |
r-release-linux-x86_64 | 0.1.0 | 5.76 | 68.86 | 74.62 | OK | |
r-release-macos-arm64 | 0.1.0 | 35.00 | OK | |||
r-release-macos-x86_64 | 0.1.0 | 54.00 | OK | |||
r-release-windows-x86_64 | 0.1.0 | 16.00 | 112.00 | 128.00 | OK | |
r-oldrel-macos-arm64 | 0.1.0 | 35.00 | OK | |||
r-oldrel-macos-x86_64 | 0.1.0 | 58.00 | OK | |||
r-oldrel-windows-ix86+x86_64 | 0.1.0 | 20.00 | 97.00 | 117.00 | NOTE |
Version: 0.1.0
Check: R code for possible problems
Result: NOTE
Initiating curl with CURL_SSL_BACKEND: openssl
Flavor: r-oldrel-windows-ix86+x86_64