CRAN Package Check Results for Package trend

Last updated on 2023-03-23 04:53:37 CET.

Flavor Version Tinstall Tcheck Ttotal Status Flags
r-devel-linux-x86_64-debian-clang 1.1.4 5.93 44.07 50.00 ERROR
r-devel-linux-x86_64-debian-gcc 1.1.4 3.87 33.90 37.77 ERROR
r-devel-linux-x86_64-fedora-clang 1.1.4 64.39 ERROR
r-devel-linux-x86_64-fedora-gcc 1.1.4 72.89 ERROR
r-patched-linux-x86_64 1.1.4 6.49 53.76 60.25 OK
r-release-linux-x86_64 1.1.4 5.58 53.22 58.80 OK
r-release-macos-arm64 1.1.4 29.00 OK
r-release-macos-x86_64 1.1.4 40.00 OK
r-release-windows-x86_64 1.1.4 42.00 116.00 158.00 OK
r-oldrel-macos-arm64 1.1.4 42.00 OK
r-oldrel-macos-x86_64 1.1.4 58.00 OK
r-oldrel-windows-ix86+x86_64 1.1.4 16.00 102.00 118.00 OK

Check Details

Version: 1.1.4
Check: examples
Result: ERROR
    Running examples in ‘trend-Ex.R’ failed
    The error most likely occurred in:
    
    > base::assign(".ptime", proc.time(), pos = "CheckExEnv")
    > ### Name: br.test
    > ### Title: Buishand Range Test for Change-Point Detection
    > ### Aliases: br.test
    > ### Keywords: htest ts univar
    >
    > ### ** Examples
    >
    > data(Nile)
    > (out <- br.test(Nile))
    Error in br.test(Nile) : DLL requires the use of native symbols
    Execution halted
Flavors: r-devel-linux-x86_64-debian-clang, r-devel-linux-x86_64-debian-gcc

Version: 1.1.4
Check: re-building of vignette outputs
Result: ERROR
    Error(s) in re-building vignettes:
     ...
    --- re-building ‘trend.Rnw’ using Sweave
    Loading required package: trend
    
    Error: processing vignette ‘trend.Rnw’ failed with diagnostics:
     chunk 13
    Error in br.test(Nile) : DLL requires the use of native symbols
    
    --- failed re-building ‘trend.Rnw’
    
    SUMMARY: processing the following file failed:
     ‘trend.Rnw’
    
    Error: Vignette re-building failed.
    Execution halted
Flavors: r-devel-linux-x86_64-debian-clang, r-devel-linux-x86_64-debian-gcc

Version: 1.1.4
Check: examples
Result: ERROR
    Running examples in ‘trend-Ex.R’ failed
    The error most likely occurred in:
    
    > ### Name: br.test
    > ### Title: Buishand Range Test for Change-Point Detection
    > ### Aliases: br.test
    > ### Keywords: htest ts univar
    >
    > ### ** Examples
    >
    > data(Nile)
    > (out <- br.test(Nile))
    Error in br.test(Nile) : DLL requires the use of native symbols
    Execution halted
Flavors: r-devel-linux-x86_64-fedora-clang, r-devel-linux-x86_64-fedora-gcc

Version: 1.1.4
Check: re-building of vignette outputs
Result: ERROR
    Error(s) in re-building vignettes:
    --- re-building ‘trend.Rnw’ using Sweave
    Loading required package: trend
    
    Error: processing vignette 'trend.Rnw' failed with diagnostics:
     chunk 13
    Error in br.test(Nile) : DLL requires the use of native symbols
    
    --- failed re-building ‘trend.Rnw’
    
    SUMMARY: processing the following file failed:
     ‘trend.Rnw’
    
    Error: Vignette re-building failed.
    Execution halted
Flavors: r-devel-linux-x86_64-fedora-clang, r-devel-linux-x86_64-fedora-gcc