Last updated on 2023-03-20 04:53:42 CET.
Flavor | Version | Tinstall | Tcheck | Ttotal | Status | Flags |
---|---|---|---|---|---|---|
r-devel-linux-x86_64-debian-clang | 0.5.0 | OK | ||||
r-devel-linux-x86_64-debian-gcc | 0.5.0 | 6.91 | 57.42 | 64.33 | OK | |
r-devel-linux-x86_64-fedora-clang | 0.5.0 | 105.37 | OK | |||
r-devel-linux-x86_64-fedora-gcc | 0.5.0 | 114.50 | OK | |||
r-patched-linux-x86_64 | 0.5.0 | 9.15 | 71.92 | 81.07 | OK | |
r-release-linux-x86_64 | 0.5.0 | 7.97 | 71.52 | 79.49 | OK | |
r-release-macos-arm64 | 0.5.0 | 30.00 | OK | |||
r-release-macos-x86_64 | 0.5.0 | 48.00 | OK | |||
r-release-windows-x86_64 | 0.5.0 | 39.00 | 108.00 | 147.00 | OK | |
r-oldrel-macos-arm64 | 0.5.0 | 36.00 | OK | |||
r-oldrel-macos-x86_64 | 0.5.0 | 57.00 | OK | |||
r-oldrel-windows-ix86+x86_64 | 0.5.0 | 24.00 | 101.00 | 125.00 | NOTE |
Version: 0.5.0
Check: R code for possible problems
Result: NOTE
Initiating curl with CURL_SSL_BACKEND: openssl
Flavor: r-oldrel-windows-ix86+x86_64