CRAN Package Check Results for Package toxEval

Last updated on 2023-02-03 04:50:45 CET.

Flavor Version Tinstall Tcheck Ttotal Status Flags
r-devel-linux-x86_64-debian-clang 1.2.0 18.67 198.97 217.64 NOTE
r-devel-linux-x86_64-debian-gcc 1.2.0 16.09 142.96 159.05 NOTE
r-devel-linux-x86_64-fedora-clang 1.2.0 261.37 NOTE
r-devel-linux-x86_64-fedora-gcc 1.2.0 274.25 NOTE
r-patched-linux-x86_64 1.2.0 15.94 181.39 197.33 NOTE
r-release-linux-x86_64 1.2.0 17.34 177.66 195.00 NOTE
r-release-macos-arm64 1.2.0 95.00 NOTE
r-release-macos-x86_64 1.2.0 165.00 NOTE
r-release-windows-x86_64 1.2.0 55.00 269.00 324.00 NOTE
r-oldrel-macos-arm64 1.2.0 133.00 NOTE
r-oldrel-macos-x86_64 1.2.0 176.00 NOTE
r-oldrel-windows-ix86+x86_64 1.2.0 37.00 230.00 267.00 NOTE

Check Details

Version: 1.2.0
Check: LazyData
Result: NOTE
     'LazyData' is specified without a 'data' directory
Flavors: r-devel-linux-x86_64-debian-clang, r-devel-linux-x86_64-debian-gcc, r-devel-linux-x86_64-fedora-clang, r-devel-linux-x86_64-fedora-gcc, r-patched-linux-x86_64, r-release-linux-x86_64, r-release-macos-arm64, r-release-macos-x86_64, r-release-windows-x86_64, r-oldrel-macos-arm64, r-oldrel-macos-x86_64, r-oldrel-windows-ix86+x86_64