Last updated on 2023-03-23 04:53:36 CET.
Flavor | Version | Tinstall | Tcheck | Ttotal | Status | Flags |
---|---|---|---|---|---|---|
r-devel-linux-x86_64-debian-clang | 1.8 | 3.96 | 36.18 | 40.14 | OK | |
r-devel-linux-x86_64-debian-gcc | 1.8 | 3.65 | 28.19 | 31.84 | OK | |
r-devel-linux-x86_64-fedora-clang | 1.8 | 50.02 | OK | |||
r-devel-linux-x86_64-fedora-gcc | 1.8 | 48.91 | OK | |||
r-patched-linux-x86_64 | 1.8 | 7.48 | 36.27 | 43.75 | OK | |
r-release-linux-x86_64 | 1.8 | 4.37 | 36.33 | 40.70 | OK | |
r-release-macos-arm64 | 1.8 | 18.00 | OK | |||
r-release-macos-x86_64 | 1.8 | 26.00 | OK | |||
r-release-windows-x86_64 | 1.8 | 22.00 | 103.00 | 125.00 | OK | |
r-oldrel-macos-arm64 | 1.8 | 24.00 | OK | |||
r-oldrel-macos-x86_64 | 1.8 | 32.00 | OK | |||
r-oldrel-windows-ix86+x86_64 | 1.8 | 13.00 | 19.00 | 32.00 | ERROR |
Version: 1.8
Check: whether package can be installed
Result: ERROR
Installation failed.
Flavor: r-oldrel-windows-ix86+x86_64