Last updated on 2023-03-28 04:53:13 CEST.
Flavor | Version | Tinstall | Tcheck | Ttotal | Status | Flags |
---|---|---|---|---|---|---|
r-devel-linux-x86_64-debian-clang | 0.5.9 | 8.69 | 126.12 | 134.81 | OK | |
r-devel-linux-x86_64-debian-gcc | 0.5.9 | 5.37 | 93.33 | 98.70 | OK | |
r-devel-linux-x86_64-fedora-clang | 0.5.9 | 161.32 | NOTE | |||
r-devel-linux-x86_64-fedora-gcc | 0.5.9 | 180.34 | NOTE | |||
r-patched-linux-x86_64 | 0.5.9 | 9.38 | 117.03 | 126.41 | OK | |
r-release-linux-x86_64 | 0.5.9 | 6.58 | 118.59 | 125.17 | OK | |
r-release-macos-arm64 | 0.5.9 | 64.00 | OK | |||
r-release-macos-x86_64 | 0.5.9 | 93.00 | OK | |||
r-release-windows-x86_64 | 0.5.9 | 70.00 | 165.00 | 235.00 | OK | |
r-oldrel-macos-arm64 | 0.5.9 | 68.00 | OK | |||
r-oldrel-macos-x86_64 | 0.5.9 | 95.00 | OK | |||
r-oldrel-windows-ix86+x86_64 | 0.5.9 | 17.00 | 164.00 | 181.00 | OK |
Version: 0.5.9
Check: data for non-ASCII characters
Result: NOTE
Note: found 122 marked UTF-8 strings
Flavors: r-devel-linux-x86_64-fedora-clang, r-devel-linux-x86_64-fedora-gcc