CRAN Package Check Results for Package tidybins

Last updated on 2023-03-28 04:53:13 CEST.

Flavor Version Tinstall Tcheck Ttotal Status Flags
r-devel-linux-x86_64-debian-clang 0.1.0 3.05 42.17 45.22 OK
r-devel-linux-x86_64-debian-gcc 0.1.0 1.88 32.55 34.43 OK
r-devel-linux-x86_64-fedora-clang 0.1.0 58.58 NOTE
r-devel-linux-x86_64-fedora-gcc 0.1.0 72.21 NOTE
r-patched-linux-x86_64 0.1.0 2.90 40.50 43.40 OK
r-release-linux-x86_64 0.1.0 2.48 41.51 43.99 OK
r-release-macos-arm64 0.1.0 22.00 NOTE
r-release-macos-x86_64 0.1.0 36.00 NOTE
r-release-windows-x86_64 0.1.0 24.00 73.00 97.00 OK
r-oldrel-macos-arm64 0.1.0 26.00 NOTE
r-oldrel-macos-x86_64 0.1.0 32.00 NOTE
r-oldrel-windows-ix86+x86_64 0.1.0 9.00 73.00 82.00 OK

Check Details

Version: 0.1.0
Check: dependencies in R code
Result: NOTE
    Namespaces in Imports field not imported from:
     ‘badger’ ‘ggplot2’ ‘lubridate’ ‘scales’ ‘xgboost’
     All declared Imports should be used.
Flavors: r-devel-linux-x86_64-fedora-clang, r-devel-linux-x86_64-fedora-gcc, r-release-macos-arm64, r-release-macos-x86_64, r-oldrel-macos-arm64, r-oldrel-macos-x86_64