CRAN Package Check Results for Package tgp

Last updated on 2022-12-02 05:00:18 CET.

Flavor Version Tinstall Tcheck Ttotal Status Flags
r-devel-linux-x86_64-debian-clang 2.4-20 33.30 62.04 95.34 OK --no-vignettes
r-devel-linux-x86_64-debian-gcc 2.4-20 27.63 45.90 73.53 OK --no-vignettes
r-devel-linux-x86_64-fedora-clang 2.4-20 159.83 NOTE --no-vignettes
r-devel-linux-x86_64-fedora-gcc 2.4-20 127.51 OK --no-vignettes
r-devel-windows-x86_64 2.4-20 72.00 79.00 151.00 OK --no-examples --no-tests --no-vignettes
r-patched-linux-x86_64 2.4-20 30.86 56.91 87.77 OK --no-vignettes
r-release-linux-x86_64 2.4-20 27.06 58.93 85.99 OK --no-vignettes
r-release-macos-arm64 2.4-20 39.00 NOTE --no-vignettes
r-release-macos-x86_64 2.4-20 50.00 OK --no-vignettes
r-release-windows-x86_64 2.4-20 66.00 73.00 139.00 OK --no-examples --no-tests --no-vignettes
r-oldrel-macos-arm64 2.4-20 39.00 NOTE --no-vignettes
r-oldrel-macos-x86_64 2.4-20 52.00 OK --no-vignettes
r-oldrel-windows-ix86+x86_64 2.4-20 91.00 74.00 165.00 NOTE --no-examples --no-tests --no-vignettes

Additional issues

M1mac

Check Details

Version: 2.4-20
Flags: --no-vignettes
Check: Rd cross-references
Result: NOTE
    Undeclared package ‘akima’ in Rd xrefs
Flavor: r-devel-linux-x86_64-fedora-clang

Version: 2.4-20
Flags: --no-vignettes
Check: installed package size
Result: NOTE
     installed size is 5.0Mb
     sub-directories of 1Mb or more:
     doc 2.7Mb
     libs 1.8Mb
Flavors: r-release-macos-arm64, r-oldrel-macos-arm64

Version: 2.4-20
Flags: --no-examples --no-tests --no-vignettes
Check: installed package size
Result: NOTE
     installed size is 5.4Mb
     sub-directories of 1Mb or more:
     doc 2.7Mb
     libs 2.2Mb
Flavor: r-oldrel-windows-ix86+x86_64