Last updated on 2023-03-30 04:55:25 CEST.
Flavor | Version | Tinstall | Tcheck | Ttotal | Status | Flags |
---|---|---|---|---|---|---|
r-devel-linux-x86_64-debian-clang | 3.0.5 | 122.19 | 406.18 | 528.37 | NOTE | |
r-devel-linux-x86_64-debian-gcc | 3.0.5 | 88.84 | 295.48 | 384.32 | NOTE | |
r-devel-linux-x86_64-fedora-clang | 3.0.5 | 674.62 | NOTE | |||
r-devel-linux-x86_64-fedora-gcc | 3.0.5 | 693.26 | NOTE | |||
r-patched-linux-x86_64 | 3.0.5 | 92.22 | 393.06 | 485.28 | NOTE | |
r-release-linux-x86_64 | 3.0.5 | 92.32 | 398.56 | 490.88 | OK | |
r-release-macos-arm64 | 3.0.5 | 180.00 | NOTE | |||
r-release-macos-x86_64 | 3.0.5 | 221.00 | NOTE | |||
r-release-windows-x86_64 | 3.0.5 | 109.00 | 529.00 | 638.00 | OK | |
r-oldrel-macos-arm64 | 3.0.5 | 216.00 | NOTE | |||
r-oldrel-macos-x86_64 | 3.0.5 | 213.00 | NOTE | |||
r-oldrel-windows-ix86+x86_64 | 3.0.5 | 262.00 | 683.00 | 945.00 | OK |
Version: 3.0.5
Check: C++ specification
Result: NOTE
Specified C++11: please drop specification unless essential
Flavors: r-devel-linux-x86_64-debian-clang, r-devel-linux-x86_64-debian-gcc, r-devel-linux-x86_64-fedora-clang, r-devel-linux-x86_64-fedora-gcc, r-patched-linux-x86_64
Version: 3.0.5
Check: Rd cross-references
Result: NOTE
Undeclared package ‘tm’ in Rd xrefs
Flavor: r-devel-linux-x86_64-fedora-clang
Version: 3.0.5
Check: installed package size
Result: NOTE
installed size is 5.4Mb
sub-directories of 1Mb or more:
libs 3.5Mb
Flavors: r-release-macos-arm64, r-release-macos-x86_64, r-oldrel-macos-arm64, r-oldrel-macos-x86_64