CRAN Package Check Results for Package tableHTML

Last updated on 2023-02-04 04:54:07 CET.

Flavor Version Tinstall Tcheck Ttotal Status Flags
r-devel-linux-x86_64-debian-clang 2.1.1 4.24 60.84 65.08 OK
r-devel-linux-x86_64-debian-gcc 2.1.1 3.74 45.36 49.10 OK
r-devel-linux-x86_64-fedora-clang 2.1.1 81.10 NOTE
r-devel-linux-x86_64-fedora-gcc 2.1.1 92.42 OK
r-devel-windows-x86_64 2.1.1 44.00 109.00 153.00 NOTE
r-patched-linux-x86_64 2.1.1 10.08 57.35 67.43 OK
r-release-linux-x86_64 2.1.1 3.38 54.64 58.02 OK
r-release-macos-arm64 2.1.1 36.00 NOTE
r-release-macos-x86_64 2.1.1 41.00 NOTE
r-release-windows-x86_64 2.1.1 19.00 114.00 133.00 NOTE
r-oldrel-macos-arm64 2.1.1 47.00 NOTE
r-oldrel-macos-x86_64 2.1.1 48.00 NOTE
r-oldrel-windows-ix86+x86_64 2.1.1 12.00 97.00 109.00 NOTE

Check Details

Version: 2.1.1
Check: installed package size
Result: NOTE
     installed size is 6.1Mb
     sub-directories of 1Mb or more:
     doc 5.9Mb
Flavors: r-devel-linux-x86_64-fedora-clang, r-devel-windows-x86_64, r-release-macos-arm64, r-release-macos-x86_64, r-release-windows-x86_64, r-oldrel-macos-arm64, r-oldrel-macos-x86_64, r-oldrel-windows-ix86+x86_64