Last updated on 2023-04-02 04:51:55 CEST.
Flavor | Version | Tinstall | Tcheck | Ttotal | Status | Flags |
---|---|---|---|---|---|---|
r-devel-linux-x86_64-debian-clang | 1.2.1 | 18.83 | 194.57 | 213.40 | OK | |
r-devel-linux-x86_64-debian-gcc | 1.2.1 | 14.85 | 140.56 | 155.41 | OK | |
r-devel-linux-x86_64-fedora-clang | 1.2.1 | 271.37 | NOTE | |||
r-devel-linux-x86_64-fedora-gcc | 1.2.1 | 270.35 | NOTE | |||
r-patched-linux-x86_64 | 1.2.1 | 17.12 | 181.11 | 198.23 | OK | |
r-release-linux-x86_64 | 1.2.1 | 18.91 | 195.61 | 214.52 | OK | |
r-release-macos-arm64 | 1.2.1 | 115.00 | NOTE | |||
r-release-macos-x86_64 | 1.2.1 | 205.00 | NOTE | |||
r-release-windows-x86_64 | 1.2.1 | 22.00 | 202.00 | 224.00 | OK | |
r-oldrel-macos-arm64 | 1.2.1 | 111.00 | NOTE | |||
r-oldrel-macos-x86_64 | 1.2.1 | 142.00 | NOTE | |||
r-oldrel-windows-ix86+x86_64 | 1.2.1 | 35.00 | 190.00 | 225.00 | OK |
Version: 1.2.1
Check: package dependencies
Result: NOTE
Suggests orphaned package: ‘udunits2’
Flavors: r-devel-linux-x86_64-fedora-clang, r-devel-linux-x86_64-fedora-gcc
Version: 1.2.1
Check: installed package size
Result: NOTE
installed size is 5.0Mb
sub-directories of 1Mb or more:
data 1.5Mb
extdata 3.4Mb
Flavors: r-devel-linux-x86_64-fedora-clang, r-release-macos-arm64, r-release-macos-x86_64, r-oldrel-macos-arm64, r-oldrel-macos-x86_64
Version: 1.2.1
Check: dependencies in R code
Result: NOTE
Namespace in Imports field not imported from: ‘metR’
All declared Imports should be used.
Flavors: r-devel-linux-x86_64-fedora-clang, r-devel-linux-x86_64-fedora-gcc, r-release-macos-arm64, r-release-macos-x86_64, r-oldrel-macos-arm64, r-oldrel-macos-x86_64
Version: 1.2.1
Check: package dependencies
Result: NOTE
Package suggested but not available for checking: ‘udunits2’
Flavors: r-oldrel-macos-arm64, r-oldrel-macos-x86_64