CRAN Package Check Results for Package swfscMisc

Last updated on 2023-02-08 04:52:14 CET.

Flavor Version Tinstall Tcheck Ttotal Status Flags
r-devel-linux-x86_64-debian-clang 1.6 4.90 56.01 60.91 OK
r-devel-linux-x86_64-debian-gcc 1.6 3.82 41.61 45.43 OK
r-devel-linux-x86_64-fedora-clang 1.6 76.26 NOTE
r-devel-linux-x86_64-fedora-gcc 1.6 74.56 NOTE
r-devel-windows-x86_64 1.6 44.00 100.00 144.00 OK
r-patched-linux-x86_64 1.6 5.52 52.45 57.97 OK
r-release-linux-x86_64 1.6 3.48 55.75 59.23 OK
r-release-macos-arm64 1.6 26.00 NOTE
r-release-macos-x86_64 1.6 38.00 NOTE
r-release-windows-x86_64 1.6 35.00 100.00 135.00 OK
r-oldrel-macos-arm64 1.6 27.00 NOTE
r-oldrel-macos-x86_64 1.6 40.00 NOTE
r-oldrel-windows-ix86+x86_64 1.6 12.00 85.00 97.00 OK

Check Details

Version: 1.6
Check: dependencies in R code
Result: NOTE
    Namespaces in Imports field not imported from:
     ‘mapdata’ ‘utils’
     All declared Imports should be used.
Flavors: r-devel-linux-x86_64-fedora-clang, r-devel-linux-x86_64-fedora-gcc, r-release-macos-arm64, r-release-macos-x86_64, r-oldrel-macos-arm64, r-oldrel-macos-x86_64