Last updated on 2023-03-29 04:51:25 CEST.
Flavor | Version | Tinstall | Tcheck | Ttotal | Status | Flags |
---|---|---|---|---|---|---|
r-devel-linux-x86_64-debian-clang | 0.5.0 | 3.77 | 234.85 | 238.62 | OK | |
r-devel-linux-x86_64-debian-gcc | 0.5.0 | 4.18 | 157.65 | 161.83 | OK | |
r-devel-linux-x86_64-fedora-clang | 0.5.0 | 318.01 | NOTE | |||
r-devel-linux-x86_64-fedora-gcc | 0.5.0 | 302.08 | NOTE | |||
r-patched-linux-x86_64 | 0.5.0 | 6.35 | 236.72 | 243.07 | OK | |
r-release-linux-x86_64 | 0.5.0 | 5.07 | 236.48 | 241.55 | OK | |
r-release-macos-arm64 | 0.5.0 | 69.00 | OK | |||
r-release-macos-x86_64 | 0.5.0 | 116.00 | OK | |||
r-release-windows-x86_64 | 0.5.0 | 32.00 | 264.00 | 296.00 | OK | |
r-oldrel-macos-arm64 | 0.5.0 | 70.00 | OK | |||
r-oldrel-macos-x86_64 | 0.5.0 | 123.00 | OK | |||
r-oldrel-windows-ix86+x86_64 | 0.5.0 | 11.00 | 299.00 | 310.00 | OK |
Version: 0.5.0
Check: data for non-ASCII characters
Result: NOTE
Note: found 12 marked UTF-8 strings
Flavors: r-devel-linux-x86_64-fedora-clang, r-devel-linux-x86_64-fedora-gcc