Last updated on 2023-03-20 04:53:41 CET.
Flavor | Version | Tinstall | Tcheck | Ttotal | Status | Flags |
---|---|---|---|---|---|---|
r-devel-linux-x86_64-debian-clang | 0.4.9 | OK | ||||
r-devel-linux-x86_64-debian-gcc | 0.4.9 | 13.50 | 189.78 | 203.28 | OK | |
r-devel-linux-x86_64-fedora-clang | 0.4.9 | 343.59 | NOTE | |||
r-devel-linux-x86_64-fedora-gcc | 0.4.9 | 351.34 | OK | |||
r-patched-linux-x86_64 | 0.4.9 | 26.02 | 245.42 | 271.44 | OK | |
r-release-linux-x86_64 | 0.4.9 | 15.54 | 242.70 | 258.24 | OK | |
r-release-macos-arm64 | 0.4.9 | 87.00 | NOTE | |||
r-release-macos-x86_64 | 0.4.9 | 158.00 | NOTE | |||
r-release-windows-x86_64 | 0.4.9 | 59.00 | 301.00 | 360.00 | NOTE | |
r-oldrel-macos-arm64 | 0.4.9 | 146.00 | NOTE | |||
r-oldrel-macos-x86_64 | 0.4.9 | 160.00 | NOTE | |||
r-oldrel-windows-ix86+x86_64 | 0.4.9 | 36.00 | 300.00 | 336.00 | NOTE |
Version: 0.4.9
Check: installed package size
Result: NOTE
installed size is 6.1Mb
sub-directories of 1Mb or more:
doc 5.6Mb
Flavors: r-devel-linux-x86_64-fedora-clang, r-release-macos-arm64, r-release-macos-x86_64, r-release-windows-x86_64, r-oldrel-macos-arm64, r-oldrel-macos-x86_64, r-oldrel-windows-ix86+x86_64